{"id":279,"date":"2025-06-05T20:24:56","date_gmt":"2025-06-05T23:24:56","guid":{"rendered":"https:\/\/rogeriovieira.com\/?page_id=279"},"modified":"2025-06-07T14:05:17","modified_gmt":"2025-06-07T17:05:17","slug":"infos","status":"publish","type":"page","link":"https:\/\/rogeriovieira.com\/index.php\/infos\/","title":{"rendered":"Infos"},"content":{"rendered":"<p>[vc_row el_class=&#8221;light-margin&#8221;][vc_column][vc_column_text css=&#8221;&#8221; el_class=&#8221;link-transition&#8221;]<\/p>\n<h5><b><i>SOBRE\/BIO:<\/i><\/b><\/h5>\n<p style=\"text-align: left;\"><span style=\"font-weight: 400;\">Rog\u00e9rio Vieira \u00e9 fot\u00f3grafo desde 2007, em suporte anal\u00f3gico e digital.<\/span> <span style=\"font-weight: 400;\">Formado em fotografia digital pela UNIP em 2014, tem experi\u00eancia<\/span> <span style=\"font-weight: 400;\">como retratista, fot\u00f3grafo corporativo e eventos. Em seus trabalhos<\/span> <span style=\"font-weight: 400;\">autorais utiliza principalmente a t\u00e9cnica anal\u00f3gica, como na s\u00e9rie<\/span> <span style=\"font-weight: 400;\">Somos todos alvos aqui.<\/span> <span style=\"font-weight: 400;\">Em 2023 foi vencedor em 1o lugar do pr\u00eamio Prix Photo, pela Alian\u00e7a<\/span> <span style=\"font-weight: 400;\">Francesa, e exp\u00f4s na Florence Biennale &#8211; Art Design. Foi ganhador do<\/span> <span style=\"font-weight: 400;\">trof\u00e9u Grande Pr\u00eamio Fotografe &#8211; categorias ensaio e retrato (2021),<\/span> <span style=\"font-weight: 400;\">ganhou pr\u00eamio no Festival Photothings (2021) e foi jurado no festival do<\/span> <span style=\"font-weight: 400;\">ano seguinte. Em 2022, a s\u00e9rie Somos todos alvos aqui foi exposta no<\/span> <span style=\"font-weight: 400;\">18o Sal\u00e3o Ubatuba de Artes Visuais, no 32o Programa de Exposi\u00e7\u00f5es<\/span> <span style=\"font-weight: 400;\">do Centro Cultural S\u00e3o Paulo, no 67o Sal\u00e3o Paranaense de Arte<\/span> <span style=\"font-weight: 400;\">Contempor\u00e2nea, com obras adquiridas pelo acervo do MAC Paran\u00e1, e<\/span> <span style=\"font-weight: 400;\">no festival Portraits &#8211; Hellerau, em Dresden, Alemanha, com publica\u00e7\u00e3o<\/span> <span style=\"font-weight: 400;\">em cat\u00e1logo coletivo. Em 2021 teve participa\u00e7\u00e3o no Hercule Florence<\/span> <span style=\"font-weight: 400;\">Festival, em Campinas, e exp\u00f4s na LoosenArt Gallery, em Roma.<\/span><\/p>\n<h5><b><i>EXHIBITIONS (SOLO AND GROUP), AWARDS AND NOMINATIONS:<\/i><\/b><\/h5>\n<p><span style=\"font-weight: 400;\">2025 &#8211; O Brasil \u00e9 aqui &#8211; Centre Claude Cahun &#8211; Nantes, Fr<\/span><\/p>\n<p><span style=\"font-weight: 400;\">2023 &#8211; Finalist &#8211; Lens Culture Emerging Talent Award<\/span><\/p>\n<p><span style=\"font-weight: 400;\">2023 &#8211; 1\u00ba lugar do pr\u00eamio Prix Photo<\/span><\/p>\n<p><span style=\"font-weight: 400;\">2022 &#8211; 32\u00ba Programa de Exposi\u00e7\u00f5es do CCSP<\/span><\/p>\n<p><span style=\"font-weight: 400;\">2022 -18\u00ba Sal\u00e3o Ubatuba de Artes Visuais<\/span><\/p>\n<p><span style=\"font-weight: 400;\">2022 &#8211; 67\u00ba Sal\u00e3o Paranaense de Arte Contempor\u00e2nea<\/span><\/p>\n<p><span style=\"font-weight: 400;\">2022 &#8211; PORTRAITS \u2013 HELLERAU &#8211; Dresden, Alemanha<\/span><\/p>\n<p><span style=\"font-weight: 400;\">2021 &#8211; Ganhador do Trof\u00e9u Grande Pr\u00eamio Fotografe 2021<\/span><\/p>\n<p><span style=\"font-weight: 400;\">2021 &#8211; Hercule Florence Festival<\/span><\/p>\n<p><span style=\"font-weight: 400;\">2021 &#8211; Photothings Festival<\/span><\/p>\n<p><span style=\"font-weight: 400;\">2021 &#8211; Ef\u00eamero Festival<\/span><\/p>\n<p><span style=\"font-weight: 400;\">2021 &#8211; Film Photo Award \/ Lenscratch<\/span><\/p>\n<p><span style=\"font-weight: 400;\">2021 &#8211; Artdoc Magazine<\/span><\/p>\n<p><span style=\"font-weight: 400;\">2020 &#8211; Cali Foto \u2013 Colombia<\/span><\/p>\n<p><span style=\"font-weight: 400;\">2018 &#8211; Festival Landskrona Foto \u2013 Su\u00e9cia<\/span><\/p>\n<p><span style=\"font-weight: 400;\">2018 &#8211; Copenhagen Photo Festival \u2013 Dinamarca<\/span><\/p>\n<p><span style=\"font-weight: 400;\">2017 &#8211; Radiografia Cultural \u2013 Casa de Cultura de Santo Amaro \u2013 S\u00e3o Paulo, BR<\/span><\/p>\n<p><span style=\"font-weight: 400;\">2016 &#8211; Vencedor Pr\u00eamio CUT de Fotografia \u2013 categoria trabalho<\/span><\/p>\n<p><span style=\"font-weight: 400;\">2014 &#8211; MIS \u2013 Expo Coletiva \u2013 S\u00e3o Paulo \u2013 Br<\/span><\/p>\n<p><span style=\"font-weight: 400;\">2011 &#8211; Detalhes de um Samba \u2013 Assembleia Legislativa de S\u00e3o Paulo, BR<\/span><\/p>\n<p><span style=\"font-weight: 400;\">2011 &#8211; Detalhes de um Samba \u2013 Centro Cultural Monte Azul \u2013 S\u00e3o Paulo, BR<\/span><\/p>\n<p><span style=\"font-weight: 400;\">2011 &#8211; MIS \u2013 Museu da Imagem e do Som \u2013 Expo Coletiva \u2013 Retratos de S\u00e3o Paulo, BR<\/span><\/p>\n<p><span style=\"font-weight: 400;\">2009 &#8211; Constru\u00e7\u00e3o Dos Sons \u2013 Sal\u00e3o Consigo \u2013 S\u00e3o Paulo \u2013 BR 2009<\/span><\/p>\n<p><span style=\"font-weight: 400;\">2009 \u2013 Duloco \u2013 Expo coletiva SESC Santo Andr\u00e9 \u2013 BR<\/span><\/p>\n<h5><em><strong>CATALOGS AND PUBLICATIONS:<\/strong><\/em><\/h5>\n<p><span style=\"font-weight: 400;\">2024 &#8211; Fotolivro &#8211; STAA &#8211; Sequelas<\/span><\/p>\n<p><span style=\"font-weight: 400;\">2023 &#8211; BMF, Paris 2022<\/span><\/p>\n<p><span style=\"font-weight: 400;\">2023 &#8211; Foto Zine \u2013 Lustrabotas, Celo Vertigem<\/span><\/p>\n<p><span style=\"font-weight: 400;\">2021 &#8211; Revista Lens Magazine &#8211; Entrevista<\/span><\/p>\n<p><span style=\"font-weight: 400;\">2021 &#8211; Fotolivro &#8211; Somo Todos Alvos Aqui, Cole\u00e7\u00e3o PHOTOTHINGS<\/span><\/p>\n<p><span style=\"font-weight: 400;\">2018 &#8211; Cat\u00e1logo &#8211; \u201cSo Far\u201d Landskrona<\/span><\/p>\n<p><span style=\"font-weight: 400;\">2009 &#8211; Cat\u00e1logo &#8211; Uma Decada Duloco SESC Santo Andr\u00e9 \u2013 Br \u2013 Page 124-125\u00a0<\/span><\/p>\n<h5><em><span style=\"font-weight: 400;\">COLLECTIONS:<\/span><\/em><\/h5>\n<p>Biblioth\u00e8que nationale de France &#8220;BNF&#8221;<\/p>\n<p>Sal\u00e3o Paranaense de Arte Contempor\u00e2nea[\/vc_column_text][\/vc_column][\/vc_row]<\/p>\n","protected":false},"excerpt":{"rendered":"<p>[vc_row el_class=&#8221;light-margin&#8221;][vc_column][vc_column_text css=&#8221;&#8221; el_class=&#8221;link-transition&#8221;] SOBRE\/BIO: Rog\u00e9rio Vieira \u00e9 fot\u00f3grafo desde 2007, em suporte anal\u00f3gico e digital. Formado em fotografia digital pela UNIP em 2014, tem experi\u00eancia como retratista, fot\u00f3grafo corporativo e eventos. Em seus trabalhos autorais utiliza principalmente a t\u00e9cnica anal\u00f3gica, como na s\u00e9rie Somos todos alvos aqui. Em 2023 foi vencedor em 1o lugar &hellip;<\/p>\n","protected":false},"author":1,"featured_media":240,"parent":0,"menu_order":0,"comment_status":"closed","ping_status":"closed","template":"blank-page.php","meta":{"_monsterinsights_skip_tracking":false,"_monsterinsights_sitenote_active":false,"_monsterinsights_sitenote_note":"","_monsterinsights_sitenote_category":0,"footnotes":""},"class_list":["post-279","page","type-page","status-publish","has-post-thumbnail","hentry"],"aioseo_notices":[],"_links":{"self":[{"href":"https:\/\/rogeriovieira.com\/index.php\/wp-json\/wp\/v2\/pages\/279","targetHints":{"allow":["GET"]}}],"collection":[{"href":"https:\/\/rogeriovieira.com\/index.php\/wp-json\/wp\/v2\/pages"}],"about":[{"href":"https:\/\/rogeriovieira.com\/index.php\/wp-json\/wp\/v2\/types\/page"}],"author":[{"embeddable":true,"href":"https:\/\/rogeriovieira.com\/index.php\/wp-json\/wp\/v2\/users\/1"}],"replies":[{"embeddable":true,"href":"https:\/\/rogeriovieira.com\/index.php\/wp-json\/wp\/v2\/comments?post=279"}],"version-history":[{"count":14,"href":"https:\/\/rogeriovieira.com\/index.php\/wp-json\/wp\/v2\/pages\/279\/revisions"}],"predecessor-version":[{"id":386,"href":"https:\/\/rogeriovieira.com\/index.php\/wp-json\/wp\/v2\/pages\/279\/revisions\/386"}],"wp:featuredmedia":[{"embeddable":true,"href":"https:\/\/rogeriovieira.com\/index.php\/wp-json\/wp\/v2\/media\/240"}],"wp:attachment":[{"href":"https:\/\/rogeriovieira.com\/index.php\/wp-json\/wp\/v2\/media?parent=279"}],"curies":[{"name":"wp","href":"https:\/\/api.w.org\/{rel}","templated":true}]}}